Is v(4) a composite number?
False
Let i(t) = t**2 + t + 49. Let u(b) = 3*b - 4. Let l be u(3). Suppose 4*n - 2*c + 2 = -4, 3*n - 15 = -l*c. Is i(n) composite?
True
Is 3 + (-6 - -2 - -140) a prime number?
True
Let f(k) = 27*k + 2. Let x(z) = -14*z - 1. Let q(c) = -2*f(c) - 5*x(c). Is q(2) prime?
False
Is (1 + (-4)/2)*-251 a composite number?
False
Let a(p) be the third derivative of -p**6/15 - p**3/6 + p**2. Let j(u) = -2*u + 15. Let m be j(8). Is a(m) a composite number?
False
Let x = 602 - -167. Is x a composite number?
False
Let o = -29 + 23. Is 530*(-3)/o - 2 a prime number?
True
Suppose 4*b + 5*q + 10 = 2*b, 5 = -b - 2*q. Let j(d) = -d + 4. Let a be j(b). Suppose 19 + a = 2*k. Is k composite?
True
Let m(p) = -10*p + 5. Let s be -4 + (2 + 2)/(-4). Is m(s) composite?
True
Let g = -8 + 8. Suppose g = 2*u - 3*u + 127. Is u composite?
False
Let a(m) = 3*m + 10. Let i be a(-5). Is 10*((-820)/8)/i prime?
False
Is 3/(-18)*-33*-422*-1 composite?
True
Suppose f - q = -2*f + 539, 163 = f + 3*q. Is 1/(-1 - (-180)/f) composite?
False
Let g = -190 - -383. Is g/3 - (-12)/18 prime?
False
Let f = 0 + 3. Suppose 309 = o - 6*o - 3*h, 9 = -f*h. Let c = -3 - o. Is c a prime number?
False
Let p(l) = -l**3 + 11*l**2 - 6*l - 1. Suppose o = -3*x + 13, -x - 4*o = 1 - 9. Suppose -r + 17 = 3*m - 0*r, 3*r + 14 = x*m. Is p(m) composite?
True
Suppose 330 = -i + 7*i. Is i a composite number?
True
Suppose -3276 = -3*u - 5*d, 2*u = -d + 4*d + 2165. Is u a composite number?
False
Suppose -4*r + 192 = -1292. Is r prime?
False
Is (2/11 - (-118664)/143)/2 prime?
False
Suppose 111 = -6*j + 9*j. Is j prime?
True
Let v(k) = -k**3 - 2*k**2 + 6*k - 2. Is v(-5) a prime number?
True
Let x be ((-4)/(-8))/((-1)/(-6)). Is (-1 - x/(-6))*-98 a composite number?
True
Let f(c) = 97*c - 1. Let j(a) = 194*a - 1. Let b(i) = 5*f(i) - 2*j(i). Is b(2) composite?
False
Suppose -2*b = 4*m - 4212, 4 - 20 = 4*b. Is m prime?
False
Let z(p) = -89*p**3 - p**2 - p. Is z(-1) a composite number?
False
Let x be (-2)/(-2) - (-206 + 4). Suppose -4*r + x = 5*w, 4*w + 0*w + 305 = 5*r. Is r a prime number?
False
Suppose -6*d = -d, 3*t - 21 = -d. Let r(s) = 0*s**3 - 2*s + s**3 + 4*s - 3*s**2 - 3 + t. Is r(3) composite?
True
Let t be (1 + -2)*1 - -662. Let q be 8/4*(-3)/(-2). Suppose 4*a - 495 = -q*f, 4*f + a + 4*a = t. Is f a prime number?
False
Let v = -13 + -10. Let x = 104 - v. Is x composite?
False
Suppose 5*h - 6*h = -65. Suppose -5*i + 1015 = -3*z - h, 2*z = -10. Is i composite?
True
Let r(n) be the third derivative of n**5/20 + n**4/12 + n**3/6 + n**2. Is r(3) composite?
True
Let y(z) = -73*z - 9. Let f be y(-6). Suppose -5*b = -2*a - f, 5*b + 3*a - 357 = b. Is b a prime number?
False
Let i(b) = 11*b**3 - b**2 + 2. Let k be i(-2). Let m(w) = 19*w. Let q be m(-3). Let s = q - k. Is s a composite number?
True
Let j(d) = d**2 + 7*d + 85. Is j(-28) a composite number?
False
Let n = 435 - 244. Let t = n - 72. Is t a prime number?
False
Let k(t) = -t**2 + 6*t + 2. Let z be k(6). Suppose -z*c + 191 - 9 = 0. Is c prime?
False
Let l = -2 - -5. Suppose -2*c = l*c - 705. Is c prime?
False
Suppose -3*a = -5*a + 2*h + 4, h - 3 = 0. Suppose -a*l - 3*p = -268, -l + 3*p = -4*l + 162. Is l prime?
True
Is 369 + 1 + 7 + -6 prime?
False
Suppose j + 74 = 709. Is j prime?
False
Suppose -3*c = -4*c + 2. Suppose 5*v - 120 = v - c*i, -i = 2. Is v a composite number?
False
Let m be 15/(-9)*252/1. Let r be ((-3)/(-6))/((-2)/m). Let j = r - 38. Is j a prime number?
True
Let h(v) = 3*v**2 + v**2 + 3*v**2. Let m = 2 - 3. Is h(m) prime?
True
Suppose -x - 2*x + 114 = -3*q, 2*x = 5*q + 73. Is x prime?
False
Suppose 6*u = 10*u. Suppose u*t = 2*t - 1390. Is t composite?
True
Let i be (-15)/(-6)*(-16)/(-20). Suppose i*d + 3*d = 1315. Is d a prime number?
True
Let s(c) = 28*c**3 + 2*c**2 - 5*c + 1. Is s(2) composite?
False
Is 3*6/(-27) - (-15116)/12 a composite number?
False
Suppose 5*a - 186 = 224. Is a a composite number?
True
Let y(a) = -324*a**3 + 2*a**2 - 6*a - 3. Is y(-2) a composite number?
False
Suppose y - 13 = -2*t, y - t = 6*y - 92. Is y prime?
True
Is 8/(-24) - (-1304)/6 a prime number?
False
Suppose 0 = -5*a + 5*b - 55, 3*a - 3*b + 18 = -5*b. Let m be a - -8 - (-2 - 0). Suppose 578 + 80 = m*d. Is d prime?
False
Suppose -5*h - 5*v = -10, 2*h - 2*v - 2 = -3*v. Is (h/(-2) - 2)*-7 prime?
False
Let s(p) = 3*p**3 + p**2 - p + 1. Let y be s(1). Suppose -2*h = -y*h + 14. Suppose q - 2*w - 14 = -h*w, -2*w - 205 = -5*q. Is q prime?
False
Suppose -2*n = 3*n - 100. Suppose 4*m = -a + 9, -m + 116 = 4*a + n. Is a composite?
True
Let a(v) = -76*v + 13. Is a(-4) prime?
True
Let i = -334 - -885. Is i a composite number?
True
Suppose 25 = -2*n - 5*a, -3*n - 2*n + a + 5 = 0. Suppose -127 = -w - n*w. Is w prime?
True
Suppose -3*t - 4*i = i + 1, 2*i + 13 = -3*t. Let p = t - -7. Let l(n) = n**3 + n**2 + 185. Is l(p) a composite number?
True
Let c be -91*(3 + (-6 - -1)). Let a = 137 + -96. Suppose -5*i + x + c = 0, 2*x + a - 10 = i. Is i a composite number?
False
Suppose a - 4*a = -6. Suppose 0*y + a*y = 218. Is y a prime number?
True
Let h = -6 + 9. Suppose 5*l - o = 484, 0 = -2*l + h*o - o + 192. Is l a prime number?
True
Suppose 5*n - 539 = 1056. Is n composite?
True
Let k be 8/(-4*(-3)/6). Let x(o) = -5 + 3*o**2 - 8*o + 0*o - k*o**2. Is x(-5) prime?
False
Let z(f) = 8*f**3 - 3*f**2 - 2*f + 1 + 3*f + f**2 - 3*f. Is z(2) a prime number?
True
Let z be 55/((0 + -3)/6). Is (-1)/(-1) + -2 - z a composite number?
False
Suppose 0 = s - 4*s. Suppose -3*t = -z - t + 8, -2*z + 5*t + 13 = s. Is z a composite number?
True
Suppose o + 4 = 2. Let v be (36/30)/(o/20). Is (-4)/6 + (-92)/v a prime number?
True
Let f = -22 + 44. Is f a prime number?
False
Suppose -3 = -4*p + 5. Suppose p*j = s + 30, -4*j + 48 + 8 = -s. Is j a prime number?
True
Let y(h) = h + 1. Let l be y(2). Suppose 0 = -l*b + 49 + 17. Is b composite?
True
Let g = -6 + 3. Let n be g - (-1 + 2)*-37. Suppose -i + 19 = -n. Is i a prime number?
True
Let w(b) = -335*b. Let u be 3*(4/6 + -1). Let h be w(u). Suppose m = 6*m - h. Is m a prime number?
True
Let z be 1*(-3)/6*-6. Let f be 836/z + 2/6. Let v = f + -56. Is v a composite number?
False
Let x(p) be the first derivative of 7*p**3/3 - 5*p**2/2 - 3*p + 4. Let f(r) = r**3 + 6*r**2 + 3*r - 6. Let l be f(-5). Is x(l) prime?
True
Let b(g) = g + 5. Let f be b(0). Suppose -p - 2*p = f*j - 201, -5*j + 2*p + 191 = 0. Is j a composite number?
True
Let m(w) = 10*w - 2*w - 7 + 3 - w**2. Let z be m(7). Suppose 0*r + 7 = 2*r - 3*g, -g - 7 = -z*r. Is r composite?
False
Let x = 11 - 12. Let c(u) = 2*u**3 - 5*u**2 + 2*u + 2. Let t be c(4). Is x*(-1 - t/1) composite?
False
Let t be (-46)/(-6) - (-6)/(-9). Let j = t + -2. Suppose 5*r - 3*g = -j*g + 56, 12 = 4*g. Is r a prime number?
False
Let j(i) = -24*i + 11*i - 2 - i**2 - 4*i. Let a be j(-7). Suppose -88 = -o + m, 5*m = o - 0*o - a. Is o a prime number?
False
Is 3 + 333 + 1 + 0 composite?
False
Let c be (-10)/(2 + (-3 - 1)). Suppose -58 = -r + 5*d - 0*d, d = c*r - 218. Is r a composite number?
False
Suppose -8*k - 2*i + 15154 = -4*k, 3*i - 7567 = -2*k. Is k composite?
True
Let i(r) = r + 8. Let a be i(-4). Suppose 4*j - 22 - 574 = 0. Suppose 0 = -a*f + 35 + j. Is f a composite number?
True
Let j = 58 + -38. Suppose x - 6*x = j. Let z = -2 - x. Is z a composite number?
False
Let r(y) = y**3 + 25*y**2 + 37*y - 5. Is r(-22) a composite number?
True
Let d = -896 + 412. Suppose 3*j + 697 = 130. Let v = j - d. Is v prime?
False
Let i(t) = -10*t + 3. Let n be i(7). Let y = 120 + n. Is y composite?
False
Suppose 3*r = 4*t - 16, 4*t - 2*r = -0*r + 20. Let o = 7 - t. Suppose o*p = 5*p - 45. Is p prime?
False
Let o = 2194 + -1317. Is o a composite number?
False
Let d(f) = -55*f - 18. Is d(-5) composite?
False
Is 2447/(1 + 0) + 0/28 prime?
True
Let j(t) = -t**2 + 8*t + 1. Let o be j(6). Let g = -5 + o. Is (12/g)/((-3)/(-118)) prime?
True
Let a = 247 - 102. Suppose -58 = -p + a. Is p prime?
False
Suppose m + q - 336 = -4*q, 2*m - 2*q = 660. Is m a composite number?
False
Let l = -1 - 1. Is (-43 - -5)/(1*l) prime?
True
Suppose 0 = 5*f - 10, -4*h = -4*f + 3 + 5. Let l(x) = -3*x - 149. Let g(s) = -2*s - 99. Let k(u) = -8*g(u) + 5*l(u). Is k(h) a composite number?
False
Let h(b) = -31*b + 45*b + 45*b - 3. Is h(2) a prime numbe